 27?
12
What is the remainder when 265846 is divided by 29538?
4
Calculate the remainder when 6819 is divided by 2648.
1523
What is the remainder when 29398 is divided by 28?
26
What is the remainder when 29138 is divided by 23?
20
Calculate the remainder when 101131 is divided by 258.
253
Calculate the remainder when 3534 is divided by 1164.
42
Calculate the remainder when 1784 is divided by 153.
101
Calculate the remainder when 34387 is divided by 417.
193
Calculate the remainder when 52775 is divided by 22.
19
What is the remainder when 48834 is divided by 9762?
24
Calculate the remainder when 42013 is divided by 34.
23
What is the remainder when 13998 is divided by 1748?
14
Calculate the remainder when 56678 is divided by 24.
14
Calculate the remainder when 201595 is divided by 140.
135
Calculate the remainder when 19521 is divided by 278.
61
What is the remainder when 661 is divided by 224?
213
Calculate the remainder when 12867 is divided by 857.
12
What is the remainder when 12009 is divided by 5255?
1499
Calculate the remainder when 431 is divided by 29.
25
What is the remainder when 8183 is divided by 3467?
1249
What is the remainder when 525894 is divided by 639?
636
What is the remainder when 62752 is divided by 306?
22
Calculate the remainder when 13461 is divided by 106.
105
Calculate the remainder when 32345 is divided by 10264.
1553
Calculate the remainder when 18426 is divided by 18084.
342
What is the remainder when 33302 is divided by 182?
178
Calculate the remainder when 5597 is divided by 45.
17
What is the remainder when 178532 is divided by 86?
82
Calculate the remainder when 1805 is divided by 354.
35
What is the remainder when 1223 is divided by 61?
3
What is the remainder when 2118 is divided by 6?
0
What is the remainder when 1806539 is divided by 49?
7
Calculate the remainder when 44877 is divided by 1362.
1293
Calculate the remainder when 1959 is divided by 289.
225
What is the remainder when 28397 is divided by 389?
0
What is the remainder when 12638 is divided by 12459?
179
What is the remainder when 975 is divided by 887?
88
Calculate the remainder when 12528 is divided by 403.
35
What is the remainder when 5351 is divided by 27?
5
What is the remainder when 482453 is divided by 253?
235
What is the remainder when 11644 is divided by 1663?
3
Calculate the remainder when 400197 is divided by 87.
84
What is the remainder when 537 is divided by 74?
19
What is the remainder when 12831 is divided by 4090?
561
Calculate the remainder when 72300 is divided by 45.
30
Calculate the remainder when 725948 is divided by 120989.
14
What is the remainder when 5586 is divided by 2791?
4
Calculate the remainder when 505086 is divided by 10.
6
What is the remainder when 4846 is divided by 364?
114
Calculate the remainder when 117243 is divided by 58605.
33
Calculate the remainder when 5483 is divided by 1317.
215
What is the remainder when 216031 is divided by 91?
88
Calculate the remainder when 17010 is divided by 274.
22
Calculate the remainder when 13104 is divided by 13084.
20
What is the remainder when 845216 is divided by 281735?
11
What is the remainder when 57707 is divided by 306?
179
What is the remainder when 74707 is divided by 155?
152
Calculate the remainder when 74717 is divided by 78.
71
Calculate the remainder when 187913 is divided by 49.
47
What is the remainder when 29659 is divided by 29153?
506
Calculate the remainder when 5542 is divided by 1175.
842
Calculate the remainder when 5634 is divided by 940.
934
What is the remainder when 13353 is divided by 4447?
12
What is the remainder when 8285 is divided by 8?
5
What is the remainder when 6420 is divided by 267?
12
What is the remainder when 9835 is divided by 214?
205
Calculate the remainder when 14464 is divided by 2409.
10
Calculate the remainder when 5249 is divided by 683.
468
What is the remainder when 3751 is divided by 2?
1
Calculate the remainder when 5997 is divided by 125.
122
What is the remainder when 1707 is divided by 179?
96
What is the remainder when 186982 is divided by 42?
40
What is the remainder when 158700 is divided by 174?
12
What is the remainder when 84959 is divided by 5308?
31
What is the remainder when 3203 is divided by 1596?
11
Calculate the remainder when 118886 is divided by 1651.
14
Calculate the remainder when 68639 is divided by 22875.
14
Calculate the remainder when 1807 is divided by 143.
91
Calculate the remainder when 17781 is divided by 17.
16
What is the remainder when 902 is divided by 121?
55
What is the remainder when 469754 is divided by 266?
264
Calculate the remainder when 49137 is divided by 45.
42
Calculate the remainder when 48806 is divided by 602.
44
Calculate the remainder when 74116 is divided by 7.
0
Calculate the remainder when 63047 is divided by 115.
27
Calculate the remainder when 3754557 is divided by 32.
29
What is the remainder when 22140 is divided by 141?
3
Calculate the remainder when 3015 is divided by 63.
54
What is the remainder when 19506 is divided by 3244?
42
What is the remainder when 259693 is divided by 404?
325
Calculate the remainder when 9053 is divided by 26.
5
What is the remainder when 5269 is divided by 59?
18
What is the remainder when 697 is divided by 95?
32
Calculate the remainder when 604827 is divided by 23.
19
What is the remainder when 164799 is divided by 221?
154
What is the remainder when 5949 is divided by 2971?
7
Calculate the remainder when 379 is divided by 55.
49
What is the remainder when 1901 is divided by 919?
63
What is the remainder when 23643 is divided by 11818?
7
What is the remainder when 183956 is divided by 145?
96
Calculate the remainder when 80 is divided by 57.
23
What is the remainder when 1227320 is divided by 7?
3
What is the remainder when 175263 is divided by 62?
51
Calculate the remainder when 77272 is divided by 7.
6
Calculate the remainder when 2510 is divided by 654.
548
Calculate the remainder when 150375 is divided by 30074.
5
Calculate the remainder when 20202 is divided by 101.
2
Calculate the remainder when 347156 is divided by 171.
26
Calculate the remainder when 401641 is divided by 17.
16
What is the remainder when 1127609 is divided by 33?
32
Calculate the remainder when 8063 is divided by 446.
35
What is the remainder when 29336 is divided by 793?
788
What is the remainder when 2250879 is divided by 10?
9
Calculate the remainder when 22712 is divided by 178.
106
Calculate the remainder when 23878 is divided by 167.
164
What is the remainder when 138632 is divided by 31?
0
What is the remainder when 78357 is divided by 143?
136
Calculate the remainder when 205440 is divided by 20544.
0
Calculate the remainder when 478 is divided by 366.
112
What is the remainder when 1671989 is divided by 5929?
11
Calculate the remainder when 28813 is divided by 9602.
7
Calculate the remainder when 15751 is divided by 694.
483
What is the remainder when 109433 is divided by 200?
33
What is the remainder when 143703 is divided by 43?
40
Calculate the remainder when 1542 is divided by 1256.
286
What is the remainder when 67032 is divided by 588?
0
Calculate the remainder when 1011 is divided by 297.
120
What is the remainder when 2322 is divided by 98?
68
Calculate the remainder when 858633 is divided by 17.
14
What is the remainder when 8567 is divided by 985?
687
What is the remainder when 235 is divided by 94?
47
Calculate the remainder when 10273 is divided by 390.
133
Calculate the remainder when 98178 is divided by 32722.
12
What is the remainder when 10147 is divided by 3355?
82
Calculate the remainder when 58232 is divided by 55.
42
What is the remainder when 26033 is divided by 8663?
44
What is the remainder when 3188 is divided by 133?
129
Calculate the remainder when 83409 is divided by 279.
267
What is the remainder when 7395 is divided by 49?
45
What is the remainder when 486828 is divided by 41?
35
What is the remainder when 7381 is divided by 767?
478
Calculate the remainder when 660 is divided by 40.
20
What is the remainder when 286423 is divided by 75?
73
What is the remainder when 608 is divided by 15?
8
What is the remainder when 730415 is divided by 81156?
11
Calculate the remainder when 19102 is divided by 19066.
36
Calcul